Calculate the remainder when 68974 is divided by 1047.
919
What is the remainder when 7955545 is divided by 258?
115
What is the remainder when 373918 is divided by 4248?
94
Calculate the remainder when 567890 is divided by 282582.
2726
Calculate the remainder when 8080 is divided by 156.
124
What is the remainder when 39872426 is divided by 689?
685
Calculate the remainder when 33553782 is divided by 4487.
4483
Calculate the remainder when 3379382 is divided by 5.
2
What is the remainder when 7115081 is divided by 95?
56
Calculate the remainder when 94427 is divided by 6736.
123
What is the remainder when 2547354 is divided by 15?
9
Calculate the remainder when 28398545 is divided by 110500.
45
What is the remainder when 2220 is divided by 272?
44
What is the remainder when 1507420 is divided by 15702?
28
What is the remainder when 1457532 is divided by 383?
217
Calculate the remainder when 10409075 is divided by 7351.
59
Calculate the remainder when 342367 is divided by 10692.
223
What is the remainder when 166950 is divided by 371?
0
Calculate the remainder when 24533711 is divided by 16.
15
Calculate the remainder when 97631 is divided by 4887.
4778
Calculate the remainder when 21044511 is divided by 360.
351
Calculate the remainder when 251301 is divided by 49.
29
Calculate the remainder when 1088496 is divided by 366.
12
What is the remainder when 39702 is divided by 19765?
172
Calculate the remainder when 18091934 is divided by 341357.
13
Calculate the remainder when 1056831826 is divided by 39.
37
Calculate the remainder when 1519553 is divided by 53.
43
Calculate the remainder when 12744 is divided by 5848.
1048
Calculate the remainder when 8980678 is divided by 5.
3
What is the remainder when 442508 is divided by 110593?
136
What is the remainder when 401673 is divided by 9136?
8825
What is the remainder when 8877149 is divided by 90?
89
Calculate the remainder when 188319 is divided by 343.
12
What is the remainder when 483481 is divided by 1011?
223
Calculate the remainder when 40274 is divided by 309.
104
What is the remainder when 114735527 is divided by 19?
18
What is the remainder when 321937 is divided by 321394?
543
Calculate the remainder when 218762 is divided by 19881.
71
What is the remainder when 575948 is divided by 191858?
374
Calculate the remainder when 3273489 is divided by 891.
846
What is the remainder when 4647271 is divided by 33?
13
What is the remainder when 846727 is divided by 15395?
2
What is the remainder when 30848595 is divided by 3022?
19
What is the remainder when 267602 is divided by 89099?
305
Calculate the remainder when 116039 is divided by 57674.
691
Calculate the remainder when 301538 is divided by 108.
2
What is the remainder when 353896 is divided by 3131?
93
Calculate the remainder when 2454788 is divided by 1360.
1348
What is the remainder when 901658 is divided by 74?
42
Calculate the remainder when 271407485 is divided by 22.
19
Calculate the remainder when 5943148 is divided by 1175.
1173
What is the remainder when 5149560 is divided by 1314?
1308
Calculate the remainder when 964616 is divided by 241139.
60
What is the remainder when 4837670 is divided by 1087?
520
Calculate the remainder when 72880163 is divided by 2111.
2110
What is the remainder when 4279563 is divided by 62?
13
Calculate the remainder when 130425 is divided by 43470.
15
Calculate the remainder when 1982375 is divided by 3304.
3279
Calculate the remainder when 25445026 is divided by 2279.
2270
What is the remainder when 12190377 is divided by 14?
3
What is the remainder when 723586 is divided by 148?
14
What is the remainder when 2184266 is divided by 494?
292
Calculate the remainder when 98323 is divided by 225.
223
What is the remainder when 24673 is divided by 1628?
253
Calculate the remainder when 702179 is divided by 4.
3
Calculate the remainder when 2221331 is divided by 92552.
83
Calculate the remainder when 244827 is divided by 122394.
39
Calculate the remainder when 1455903 is divided by 171.
9
What is the remainder when 171261 is divided by 24457?
62
What is the remainder when 10906554 is divided by 10906535?
19
Calculate the remainder when 138459 is divided by 2610.
129
Calculate the remainder when 1298692 is divided by 270.
262
What is the remainder when 133513712 is divided by 237?
236
Calculate the remainder when 618658 is divided by 308927.
804
Calculate the remainder when 467281 is divided by 800.
81
Calculate the remainder when 66094 is divided by 59198.
6896
Calculate the remainder when 106582 is divided by 21179.
687
Calculate the remainder when 50703 is divided by 157.
149
What is the remainder when 2948622 is divided by 534?
408
Calculate the remainder when 988526 is divided by 153.
146
What is the remainder when 202075 is divided by 202034?
41
Calculate the remainder when 1959577 is divided by 352.
345
What is the remainder when 21618 is divided by 3050?
268
Calculate the remainder when 500 is divided by 318.
182
What is the remainder when 9618334 is divided by 63?
61
Calculate the remainder when 5959744 is divided by 1256.
24
Calculate the remainder when 188015687 is divided by 189.
188
Calculate the remainder when 5439625 is divided by 62.
55
What is the remainder when 2538291 is divided by 310?
11
Calculate the remainder when 250394 is divided by 397.
284
What is the remainder when 1782122 is divided by 889544?
3034
Calculate the remainder when 3609500 is divided by 332.
328
What is the remainder when 366130923 is divided by 583011?
15
What is the remainder when 62100 is divided by 648?
540
Calculate the remainder when 31859 is divided by 382.
153
Calculate the remainder when 998241 is divided by 39.
36
What is the remainder when 72568 is divided by 125?
68
Calculate the remainder when 3601927 is divided by 177.
154
What is the remainder when 102951 is divided by 51451?
49
Calculate the remainder when 789267 is divided by 1624.
3
What is the remainder when 21369896 is divided by 369?
368
What is the remainder when 4444272 is divided by 1111065?
12
Calculate the remainder when 37111236 is divided by 99.
96
Calculate the remainder when 152680 is divided by 76092.
496
What is the remainder when 2694425 is divided by 1048?
17
Calculate the remainder when 146677 is divided by 1164.
13
What is the remainder when 49485595 is divided by 3480?
3475
What is the remainder when 10164530 is divided by 5082211?
108
What is the remainder when 3499399 is divided by 8?
7
What is the remainder when 212403 is divided by 224?
51
Calculate the remainder when 105825 is divided by 58.
33
What is the remainder when 44924958 is divided by 590?
588
Calculate the remainder when 9918 is divided by 3220.
258
What is the remainder when 102153 is divided by 51062?
29
What is the remainder when 76072 is divided by 4072?
2776
Calculate the remainder when 66488995 is divided by 22162989.
28
What is the remainder when 20501782 is divided by 2928825?
7
Calculate the remainder when 228472 is divided by 5216.
4184
Calculate the remainder when 71049 is divided by 35436.
177
Calculate the remainder when 55250056 is divided by 65.
56
Calculate the remainder when 7827845 is divided by 2189.
2170
Calculate the remainder when 35757 is divided by 4885.
1562
Calculate the remainder when 62055037 is divided by 2698045.
2
What is the remainder when 23116 is divided by 21882?
1234
What is the remainder when 377073 is divided by 47127?
57
Calculate the remainder when 18842 is divided by 1502.
818
Calculate the remainder when 11834868 is divided by 531.
471
What is the remainder when 157894 is divided by 802?
702
Calculate the remainder when 12081098 is divided by 49110.
38
Calculate the remainder when 874507 is divided by 13052.
23
Calculate the remainder when 6692285 is divided by 702.
119
What is the remainder when 152293 is divided by 48?
37
What is the remainder when 38739069 is divided by 407?
402
What is the remainder when 170305 is divided by 1562?
47
What is the remainder when 935942 is divided by 467967?
8
What is the remainder when 663137 is divided by 176?
145
Calculate the remainder when 85738 is divided by 215.
168
What is the remainder when 4977212 is divided by 23?
12
What is the remainder when 419529 is divided by 215?
64
W